econd derivative of -z**5/20 + z**4/12 - z**3/6 - 18*z**2 - z + 59. Give o(0).
-36
Suppose -5*g = -2*f - 1 - 5, f + 2 = 2*g. Suppose -f*r = -2*c + r + 5, -11 = -3*c + r. Let o(a) = a**3 - 3*a**2 - 5*a. What is o(c)?
-4
Let p(g) = -10 + 1 - 321*g + 640*g - 317*g. Let z be 1 - -4 - (-2 - -2). Let h(a) = -a + 4. Let y(r) = z*h(r) + 2*p(r). Calculate y(6).
-4
Let y be 2*(-39)/(-6) + -1. Suppose 2*g - 3*c - 11 = 3*g, 2*c + y = 4*g. Let k(n) be the first derivative of 11*n**2/2 + 2405. Determine k(g).
11
Let w be (-210)/(-13) - ((-2)/(52/(-82)) - 3). Let d(i) = 2*i**2 - 34*i + 32. Determine d(w).
0
Let g be 516/10 + 6/15. Let l(h) = -12*h + 7*h**2 - 5*h**3 + 16*h - 2*h**2 - g. Let r(y) = -y**3 + y**2 + y - 13. Let c(u) = -2*l(u) + 9*r(u). Determine c(0).
-13
Let c = 4657 + -4668. Let x(f) = -f**2 - 8*f - 2. What is x(c)?
-35
Let n(t) = -3*t**2 - 3*t + 4. Let s be n(3). Let d = -21 - s. Let u(g) = 9*g**2 - 10*g**2 - 7 + 3*g - d*g. Calculate u(-6).
5
Let f(p) = -p**2 - 8*p - 3. Let b = 53 + -49. Suppose 3*d - 4*s - 61 = 0, -s - 92 = -5*d - b*s. Suppose d = n + 25. What is f(n)?
9
Let h(f) = 5*f + 38. Suppose -365*p + 366*p = 5*s - 7, -3*s = -3*p - 21. Calculate h(p).
3
Let l(a) be the first derivative of -73 + a + 9/2*a**2. What is l(-1)?
-8
Let d(h) = h**2 - 11*h - 5. Suppose 2*k + 4*l - 46 = 0, -2*k - 5*l + 4*l + 49 = 0. Let a = k - 13. Let y be a/8*(-66)/(-9). Calculate d(y).
-5
Let k be -3*(-1 + 4 + -5). Suppose -164 = -17*w + k. Let p(m) = -m - 10. Determine p(w).
-20
Let x(a) = -2*a - 25. Let t = 4979 - 4982. Calculate x(t).
-19
Let a(s) be the first derivative of -s**2/2 + 2. Let x(h) = -3*h**2 - 391 - 10*h + 407 - 6*h. Let q be x(-6). Calculate a(q).
-4
Let h(c) = -c**2 - 8*c - 1. Let s(i) = i**2 + 910. Let z be s(0). Let l = -917 + z. What is h(l)?
6
Let p be 5*(-2)/(-1 + 3). Let f(c) = c**2 + 19*c - 40. Let o be f(-21). Let a(g) = -7 - 2*g - o + 4. Calculate a(p).
5
Let y(b) = -2*b**3 + b**2 + b. Let p be y(-1). Let u = 72 - 71. Let w(m) = -1 + m**p - 2*m**2 + u. Give w(1).
-1
Suppose -4*b + 2*n = -14, 4*n + 15 = 4*b + 7. Suppose 3*l = -b*p + 34, 0*p = -5*p - 2*l + 31. Let w(j) = 4 + p + 4*j - 1 - 5. Calculate w(5).
23
Let y(l) be the first derivative of -166*l - 166*l + l**2 - 74 + 334*l. Determine y(4).
10
Let k(w) = -4*w**2 + w - 9. Let n(o) = 3*o**2 - 3*o + 8. Let p(b) = -2*k(b) - 3*n(b). Let v = 84 - 80. What is p(v)?
6
Let k(q) = -3*q**2 - 10*q - 6. Let f be (4 - 9) + 9 - (9 - 1). What is k(f)?
-14
Let n(s) = 5*s**2 + s - 2. Let h(r) = 11*r**2 - 17*r + 63. Let z(g) = -h(g) + 2*n(g). What is z(14)?
3
Let d(f) = -f - 3677*f**3 + 1836*f**3 + 1840*f**3 - 3*f - 91 - 24*f**2. Determine d(-24).
5
Let q(d) be the third derivative of d**6/120 - 7*d**5/60 - 11*d**4/12 + d**3/2 + 2143*d**2. Determine q(9).
-33
Suppose 0 = 9*n + 183 - 147. Let f(k) = -5*k - 5. Give f(n).
15
Let n(j) = 29 + 4*j - 10*j - 64 + 34. Let l be (-30)/12*2*(-6)/15. What is n(l)?
-13
Let q(y) = -7*y - 4. Let x(v) = 39*v + 21. Suppose 2*u + 5*w + 21 = 0, 3*u = 5*u - 5*w - 29. Let o(f) = u*x(f) + 11*q(f). Determine o(5).
3
Suppose 4*p + 20 = 14*p. Suppose 0 = 3*t, p*r + 2*t - 4 = -3*t. Let g(v) = -v**r + 6 - 43*v + 25*v - 5 + 19*v. Give g(3).
-5
Suppose -k = -4*q - 7, 2*q - 58 = -48. Let o(y) = y**3 - 27*y**2 - y + 28. What is o(k)?
1
Let h(t) = 5*t + 5. Let f(n) = 1. Let d(c) = -6*f(c) + h(c). Let a be 75 - 18/(-4)*136/(-306). Suppose 0 = a*u + 134 + 158. Give d(u).
-21
Let v(f) = f**2 + 10*f - 23. Suppose 2165 = -283*k - 1231. Give v(k).
1
Suppose -193*z + 188*z + 3*w = 17, -4*z + 5*w - 11 = 0. Let y(d) = d**2 + 5*d + 1. What is y(z)?
-3
Suppose -4*b = -y + 46, -5*y + 9*b - 4*b = -245. Suppose -13*l + 11*l + 110 = 0. Let a = l - y. Let u(s) = s**3 - 5*s**2 + 6. Determine u(a).
6
Let x(h) = 6*h**2 - h + 2. Let i = -4418 + 4415. Determine x(i).
59
Let c(m) be the first derivative of -m**3/3 - 2*m**2 + 90*m - 190. Determine c(-12).
-6
Let b be 2*(3 - -3)/(-3). Let p = -1 - b. Let w(r) = -7 - r + 5 + p. What is w(-5)?
6
Let g(a) = 8*a + 7. Suppose -63*m = 47*m + 220. Determine g(m).
-9
Let y(q) be the first derivative of 6 + 3*q + 1/2*q**2. Determine y(0).
3
Let c be (-1 - -3) + 0 + 0. Let a(w) = -5*w**3 - 7*w**c + 8*w + 4*w**3 - 1 + 2 - 4. What is a(-8)?
-3
Let y(w) = -28*w. Let z(h) = 55*h - 2. Let b(l) = -4*y(l) - 2*z(l). Suppose 5*i + 0 = 45. Determine b(i).
22
Let u(o) = 2*o**2 + 24*o + 46. Let j be u(-10). Let b(g) = g**2 - 5*g + 4. Let h be b(4). Let n(m) = h + m**3 - 2*m - 1 - 2*m - 5*m**2. What is n(j)?
11
Let y(o) = -22*o - 13. Let k(u) = -u**3 - 7*u**2 + u - 3. Let c be k(0). Calculate y(c).
53
Let d(q) = 2*q - 8162 + 6*q + 8159 + 16*q**2. Let a(v) = 7*v**2 + 4*v - 2. Let u(z) = 7*a(z) - 3*d(z). Give u(-5).
0
Let q(r) = -r**3 - 3*r**2 + 5. Let d = -264 + 240. Let c be -3 - (d/6 - -5). Calculate q(c).
21
Let p(y) = -y**3 + 4*y**2 + 3*y + 2. Let z(x) = 2*x**2 - 6*x + 5. Let t be z(4). Let n be (t*-1)/((-3)/6). Suppose -n - 14 = -8*u. Give p(u).
-8
Let q be 0 - (0 + 1 - 3). Suppose 15 = q*l + t + 4, -41 = -5*l + 2*t. Let g(y) = -l + 22 - 9 - y - 7. What is g(-1)?
0
Let o(u) = -11*u**2 + 178144*u - 9 + 0*u**3 + u**3 - 178151*u. Determine o(12).
51
Let l(o) = -11*o - 215. Let k = -1541 - -1521. What is l(k)?
5
Let a be (1 + -40)*(-14)/21. Let f = -25 + a. Suppose -2*s = 2*p - 12, -3*s = 4*p - 21 + f. Let q(w) = -2*w**3 + 3*w - 3. What is q(p)?
-13
Let g(d) be the second derivative of -3*d - 3*d**2 + 1/12*d**4 + 0 - 5/6*d**3. Let m(s) = s**3 - 20*s**2 + 75*s + 5. Let i be m(5). Give g(i).
-6
Let w(v) = -3 + 3*v**2 + 2*v - 2 + v**3 + 1 - 8*v**2. Suppose -34*m + 115 = -11*m. Give w(m).
6
Let g be -2*(((-90)/1)/9 - 0). Let u(q) = q**3 - 23*q**2 + 58*q + 24. Give u(g).
-16
Let d = 11 + -4. Suppose 31*m - d = 30*m. Suppose 2*j = -4*c - 22, -4*j + 2*c - m*c = 32. Let l(q) = q + 2. What is l(j)?
-1
Let y(p) be the first derivative of 2*p**3/3 - 17*p**2/2 + 10*p - 365. Determine y(12).
94
Let p = -102 - -105. Let r(f) = -40 + 16*f - 23*f**p - 15*f + f**2 + 39. Let m be (1 - 4)/(-3) + 0. What is r(m)?
-22
Let p(f) = -f - 6. Let t be p(-10). Let j(n) = n**2 - 3 - 3*n + t*n + 1. Let x be 6/(-10) - (-799)/(-235). Calculate j(x).
10
Let h(x) = -4*x - 14. Let s = -5692 + 5688. Determine h(s).
2
Let b(q) be the third derivative of 1/60*q**6 + 0 - 1/8*q**4 + 1/3*q**3 - 1/30*q**5 + 55*q**2 + 0*q. Calculate b(2).
4
Let k(x) = 15*x**2 - 186*x - 15. Let o(j) = -3*j**2 + 37*j + 1. Let w(t) = 5*k(t) + 24*o(t). Calculate w(15).
-6
Suppose 578*o - 581*o - 9 = 0. Let y(s) = -7 + 3*s + 3*s**2 + s**3 - 2*s + 3*s - 5*s. Determine y(o).
-4
Let l(t) = t**3 + 6*t**2 + 3*t + 5. Let r(z) = 5*z + 7. Let u be r(-1). Let i(a) = -18 + u - 33*a + 34*a. Let k be i(10). Give l(k).
-13
Let z = 10791 + -10815. Let u(b) = -b**3 - 24*b**2 - b + 1. Give u(z).
25
Let j(k) = 0*k - 6 + 2*k**3 + 72*k**2 - 8*k - 4*k - 2*k - 53*k**2. Determine j(-10).
34
Let v(s) = -s**3 + 7*s**2 + 24. Let x(o) = 374*o + 1128. Let g be x(-3). What is v(g)?
60
Let b be -1 - (-5)/2*16/10. Let n(a) = 12*a + b - 1 - 5*a + 4. What is n(-5)?
-29
Let r(g) = -2*g - 6. Let y = -278 + 346. Let z be -10*(-3 - y/(-24))*3. Give r(z).
-16
Let s(c) be the first derivative of c**3/3 - 5*c**2/2 - 6*c + 2. Suppose 0 = -35*q + 32*q. Suppose 3 = n - 5*k + 4*k, q = -3*n - k + 21. Give s(n).
0
Let c(l) = -2*l**2 + 16*l**3 + 3*l**2 + 1 + 0 + 2*l. Suppose 3*r - 3*g + 15 = 0, 2*r - 704 = 9*g - 742. Determine c(r).
-16
Let x(u) = 10*u**2 - 52*u - 111. Let b(j) = -5*j**2 + 26*j + 69. Let v(d) = -5*b(d) - 3*x(d). Give v(5).
-7
Suppose -9 = -2*k + 3*z, 0*k = 2*k + 2*z - 14. Let a(i) = -15*i**2 + 21*i + 17. Let h(b) = -7*b**2 + 10*b + 8. Let g(x) = 6*a(x) - 13*h(x). Determine g(k).
10
Let v(l) be the first derivative of 2*l**2 + 6*l - 1/3*l**3 + 13. Suppose 12 = -h + 3*h. What is v(h)?
-6
Let h(n) = 108*n**3 - 1. Suppose 4 = 8*k + 14 - 18. Calculate h(k).
107
Let u(q) = 3*q - 63. Suppose 589*c - 1311 = 520*c. What is u(c)?
-6
Let p = 2 + 1. Suppose -10*u - 18 + 48 = 0. Let z(b) = 5*b - p*b**2 - u*b + 7*b**2 - 5*b**2. Determine z(-2).
-8
Let d be 36/(-14)*133/38. Let n(r) = -14*r - 109. Calculate n(d).
17
Let r(a) = a**3 - 9*a**2 - 23*a + 173. Let i be r(4). Let d(c) = 121*c - 124. Determine d(i).
-3
Let g be 0/(-2)*4/(-8)*2. Let x be -10 + 11 - (-2 - -2). Let l(o)